{"id":8,"date":"2026-04-29T09:22:10","date_gmt":"2026-04-29T09:22:10","guid":{"rendered":"https:\/\/boisnoirsvivants.fr\/?page_id=8"},"modified":"2026-04-29T09:22:10","modified_gmt":"2026-04-29T09:22:10","slug":"accueil","status":"publish","type":"page","link":"https:\/\/boisnoirsvivants.fr\/","title":{"rendered":"Accueil"},"content":{"rendered":"\n<h2 class=\"wp-block-heading\">Bois Noirs Vivants<\/h2>\n\n\n\n<div style=\"height:0px\" aria-hidden=\"true\" class=\"wp-block-spacer\"><\/div>\n\n\n\n<p><strong>Pr\u00e9server un patrimoine forestier vivant pour les g\u00e9n\u00e9rations futures<\/strong><\/p>\n\n\n\n<p>Bois Noirs Vivants est une association n\u00e9e d\u2019une col\u00e8re.<br>Une col\u00e8re face \u00e0 la banalisation des coupes rases, \u00e0 l\u2019enr\u00e9sinement massif, et \u00e0 la d\u00e9gradation silencieuse de nos for\u00eats.<\/p>\n\n\n\n<p>Mais surtout, c\u2019est une envie d\u2019agir.<\/p>\n\n\n\n<p>Nous d\u00e9fendons une vision simple :<br>\ud83d\udc49 une for\u00eat vivante, diverse, r\u00e9siliente<br>\ud83d\udc49 une gestion respectueuse des sols, de l\u2019eau et du temps long<br>\ud83d\udc49 des pratiques humaines compatibles avec le vivant<\/p>\n\n\n\n<div style=\"height:0px\" aria-hidden=\"true\" class=\"wp-block-spacer\"><\/div>\n\n\n\n<h2 class=\"wp-block-heading\">\ud83c\udf31 Pourquoi nous existons<\/h2>\n\n\n\n<p>Nos for\u00eats changent.<br>Souvent trop vite, souvent trop brutalement.<\/p>\n\n\n\n<p>Certaines pratiques actuelles fragilisent :<\/p>\n\n\n\n<ul class=\"wp-block-list\">\n<li>la biodiversit\u00e9<\/li>\n\n\n\n<li>les sols forestiers<\/li>\n\n\n\n<li>les cours d\u2019eau<\/li>\n\n\n\n<li>l\u2019\u00e9quilibre global des \u00e9cosyst\u00e8mes<\/li>\n<\/ul>\n\n\n\n<p>Face \u00e0 \u00e7a, nous refusons de rester spectateurs.<\/p>\n\n\n\n<p>Bois Noirs Vivants agit pour :<\/p>\n\n\n\n<ul class=\"wp-block-list\">\n<li><strong>alerter<\/strong> sur les pratiques destructrices<\/li>\n\n\n\n<li><strong>sensibiliser<\/strong> \u00e0 des alternatives viables<\/li>\n\n\n\n<li><strong>prot\u00e9ger<\/strong> la diversit\u00e9 des for\u00eats (essences, \u00e2ges, milieux)<\/li>\n<\/ul>\n\n\n\n<div style=\"height:0px\" aria-hidden=\"true\" class=\"wp-block-spacer\"><\/div>\n\n\n\n<h2 class=\"wp-block-heading\">\ud83c\udf3f Une autre for\u00eat est possible<\/h2>\n\n\n\n<p>Des solutions existent d\u00e9j\u00e0 :<\/p>\n\n\n\n<ul class=\"wp-block-list\">\n<li>for\u00eats jardin\u00e9es<\/li>\n\n\n\n<li>futaies irr\u00e9guli\u00e8res<\/li>\n\n\n\n<li>gestion douce et diversifi\u00e9e<\/li>\n<\/ul>\n\n\n\n<p>Ces mod\u00e8les sont :<br>\u2714 \u00e9conomiquement viables<br>\u2714 \u00e9cologiquement durables<br>\u2714 adapt\u00e9s aux enjeux climatiques actuels<\/p>\n\n\n\n<p>Notre r\u00f4le, c\u2019est de les rendre visibles\u2026 et accessibles.<\/p>\n\n\n\n<div style=\"height:0px\" aria-hidden=\"true\" class=\"wp-block-spacer\"><\/div>\n\n\n\n<h2 class=\"wp-block-heading\">\ud83c\udf32 Nos actions<\/h2>\n\n\n\n<p>Nous proposons diff\u00e9rentes formes d\u2019engagement :<\/p>\n\n\n\n<ul class=\"wp-block-list\">\n<li>\ud83c\udf33 Balades et observations en for\u00eat<\/li>\n\n\n\n<li>\ud83d\udee0\ufe0f Ateliers et chantiers participatifs<\/li>\n\n\n\n<li>\ud83c\udfac Films-d\u00e9bats et rencontres<\/li>\n\n\n\n<li>\ud83d\udce2 R\u00e9unions publiques d\u2019information<\/li>\n\n\n\n<li>\ud83d\uddbc\ufe0f Expositions et sensibilisation<\/li>\n<\/ul>\n\n\n\n<p>\ud83d\udc49 Ouvert \u00e0 tous : habitants, promeneurs, propri\u00e9taires, \u00e9lus, curieux\u2026<\/p>\n\n\n\n<div style=\"height:0px\" aria-hidden=\"true\" class=\"wp-block-spacer\"><\/div>\n\n\n\n<h2 class=\"wp-block-heading\">\ud83d\udc65 Une association ancr\u00e9e localement<\/h2>\n\n\n\n<p>Bois Noirs Vivants, c\u2019est avant tout :<\/p>\n\n\n\n<ul class=\"wp-block-list\">\n<li>des b\u00e9n\u00e9voles locaux<\/li>\n\n\n\n<li>des naturalistes<\/li>\n\n\n\n<li>des propri\u00e9taires forestiers<\/li>\n\n\n\n<li>des citoyens engag\u00e9s<\/li>\n<\/ul>\n\n\n\n<p>Une diversit\u00e9 de profils, r\u00e9unis par un objectif commun :<br><strong>prot\u00e9ger ce qui nous relie au vivant.<\/strong><\/p>\n\n\n\n<div style=\"height:0px\" aria-hidden=\"true\" class=\"wp-block-spacer\"><\/div>\n\n\n\n<h2 class=\"wp-block-heading\">\ud83c\udf3e Rejoindre le mouvement<\/h2>\n\n\n\n<p>S\u2019engager avec nous, c\u2019est :<\/p>\n\n\n\n<ul class=\"wp-block-list\">\n<li>agir concr\u00e8tement pour le territoire<\/li>\n\n\n\n<li>apprendre et comprendre la for\u00eat<\/li>\n\n\n\n<li>participer \u00e0 une dynamique collective positive<\/li>\n<\/ul>\n\n\n\n<p>\ud83d\udc49 Parce que pr\u00e9server aujourd\u2019hui, c\u2019est permettre demain.<\/p>\n\n\n\n<p><\/p>\n","protected":false},"excerpt":{"rendered":"<p>Bois Noirs Vivants Pr\u00e9server un patrimoine forestier vivant pour les g\u00e9n\u00e9rations futures Bois Noirs Vivants est une association n\u00e9e d\u2019une col\u00e8re.Une col\u00e8re face \u00e0 la banalisation des coupes rases, \u00e0 l\u2019enr\u00e9sinement massif, et \u00e0 la d\u00e9gradation silencieuse de nos for\u00eats. Mais surtout, c\u2019est une envie d\u2019agir. Nous d\u00e9fendons une vision simple :\ud83d\udc49 une for\u00eat vivante, &#8230; <a title=\"Accueil\" class=\"read-more\" href=\"https:\/\/boisnoirsvivants.fr\/\" aria-label=\"En savoir plus sur Accueil\">Lire la suite<\/a><\/p>\n","protected":false},"author":1,"featured_media":0,"parent":0,"menu_order":0,"comment_status":"closed","ping_status":"closed","template":"","meta":{"footnotes":""},"class_list":["post-8","page","type-page","status-publish"],"_links":{"self":[{"href":"https:\/\/boisnoirsvivants.fr\/index.php\/wp-json\/wp\/v2\/pages\/8","targetHints":{"allow":["GET"]}}],"collection":[{"href":"https:\/\/boisnoirsvivants.fr\/index.php\/wp-json\/wp\/v2\/pages"}],"about":[{"href":"https:\/\/boisnoirsvivants.fr\/index.php\/wp-json\/wp\/v2\/types\/page"}],"author":[{"embeddable":true,"href":"https:\/\/boisnoirsvivants.fr\/index.php\/wp-json\/wp\/v2\/users\/1"}],"replies":[{"embeddable":true,"href":"https:\/\/boisnoirsvivants.fr\/index.php\/wp-json\/wp\/v2\/comments?post=8"}],"version-history":[{"count":2,"href":"https:\/\/boisnoirsvivants.fr\/index.php\/wp-json\/wp\/v2\/pages\/8\/revisions"}],"predecessor-version":[{"id":11,"href":"https:\/\/boisnoirsvivants.fr\/index.php\/wp-json\/wp\/v2\/pages\/8\/revisions\/11"}],"wp:attachment":[{"href":"https:\/\/boisnoirsvivants.fr\/index.php\/wp-json\/wp\/v2\/media?parent=8"}],"curies":[{"name":"wp","href":"https:\/\/api.w.org\/{rel}","templated":true}]}}

<h2 class="wp-block-heading">Bois Noirs Vivants</h2>



<div style="height:0px" aria-hidden="true" class="wp-block-spacer"></div>



<p><strong>Préserver un patrimoine forestier vivant pour les générations futures</strong></p>



<p>Bois Noirs Vivants est une association née d’une colère.<br>Une colère face à la banalisation des coupes rases, à l’enrésinement massif, et à la dégradation silencieuse de nos forêts.</p>



<p>Mais surtout, c’est une envie d’agir.</p>



<p>Nous défendons une vision simple :<br>👉 une forêt vivante, diverse, résiliente<br>👉 une gestion respectueuse des sols, de l’eau et du temps long<br>👉 des pratiques humaines compatibles avec le vivant</p>



<div style="height:0px" aria-hidden="true" class="wp-block-spacer"></div>



<h2 class="wp-block-heading">🌱 Pourquoi nous existons</h2>



<p>Nos forêts changent.<br>Souvent trop vite, souvent trop brutalement.</p>



<p>Certaines pratiques actuelles fragilisent :</p>



<ul class="wp-block-list">
<li>la biodiversité</li>



<li>les sols forestiers</li>



<li>les cours d’eau</li>



<li>l’équilibre global des écosystèmes</li>
</ul>



<p>Face à ça, nous refusons de rester spectateurs.</p>



<p>Bois Noirs Vivants agit pour :</p>



<ul class="wp-block-list">
<li><strong>alerter</strong> sur les pratiques destructrices</li>



<li><strong>sensibiliser</strong> à des alternatives viables</li>



<li><strong>protéger</strong> la diversité des forêts (essences, âges, milieux)</li>
</ul>



<div style="height:0px" aria-hidden="true" class="wp-block-spacer"></div>



<h2 class="wp-block-heading">🌿 Une autre forêt est possible</h2>



<p>Des solutions existent déjà :</p>



<ul class="wp-block-list">
<li>forêts jardinées</li>



<li>futaies irrégulières</li>



<li>gestion douce et diversifiée</li>
</ul>



<p>Ces modèles sont :<br>✔ économiquement viables<br>✔ écologiquement durables<br>✔ adaptés aux enjeux climatiques actuels</p>



<p>Notre rôle, c’est de les rendre visibles… et accessibles.</p>



<div style="height:0px" aria-hidden="true" class="wp-block-spacer"></div>



<h2 class="wp-block-heading">🌲 Nos actions</h2>



<p>Nous proposons différentes formes d’engagement :</p>



<ul class="wp-block-list">
<li>🌳 Balades et observations en forêt</li>



<li>🛠️ Ateliers et chantiers participatifs</li>



<li>🎬 Films-débats et rencontres</li>



<li>📢 Réunions publiques d’information</li>



<li>🖼️ Expositions et sensibilisation</li>
</ul>



<p>👉 Ouvert à tous : habitants, promeneurs, propriétaires, élus, curieux…</p>



<div style="height:0px" aria-hidden="true" class="wp-block-spacer"></div>



<h2 class="wp-block-heading">👥 Une association ancrée localement</h2>



<p>Bois Noirs Vivants, c’est avant tout :</p>



<ul class="wp-block-list">
<li>des bénévoles locaux</li>



<li>des naturalistes</li>



<li>des propriétaires forestiers</li>



<li>des citoyens engagés</li>
</ul>



<p>Une diversité de profils, réunis par un objectif commun :<br><strong>protéger ce qui nous relie au vivant.</strong></p>



<div style="height:0px" aria-hidden="true" class="wp-block-spacer"></div>



<h2 class="wp-block-heading">🌾 Rejoindre le mouvement</h2>



<p>S’engager avec nous, c’est :</p>



<ul class="wp-block-list">
<li>agir concrètement pour le territoire</li>



<li>apprendre et comprendre la forêt</li>



<li>participer à une dynamique collective positive</li>
</ul>



<p>👉 Parce que préserver aujourd’hui, c’est permettre demain.</p>



<p></p>

<p>Bois Noirs Vivants Préserver un patrimoine forestier vivant pour les générations futures Bois Noirs Vivants est une association née d’une colère.Une colère face à la banalisation des coupes rases, à l’enrésinement massif, et à la dégradation silencieuse de nos forêts. Mais surtout, c’est une envie d’agir. Nous défendons une vision simple :👉 une forêt vivante, &#8230; <a title="Accueil" class="read-more" href="https://boisnoirsvivants.fr/" aria-label="En savoir plus sur Accueil">Lire la suite</a></p>
